{"id":145,"date":"2018-06-27T21:57:59","date_gmt":"2018-06-27T19:57:59","guid":{"rendered":"http:\/\/test.lsv-velbert.de\/LSV-Velbert\/?page_id=145"},"modified":"2021-09-11T13:13:04","modified_gmt":"2021-09-11T12:13:04","slug":"kosten-2","status":"publish","type":"page","link":"https:\/\/lsv-velbert.de\/?page_id=145","title":{"rendered":"Kosten"},"content":{"rendered":"\n<p>Bei uns im Luftsportverein Velbert ist die Ausbildung PPL(A) mit <b>ca. 6.400 \u20ac f\u00fcr das Echo-Klasse Flugzeug Robin DR 400 <\/b> sehr g\u00fcnstig. Das gilt f\u00fcr die Mindeststundenanzahl von 45 Flugstunden.<\/p>\n\n\n\n<p>Hinzu kommen <b>vereinsunabh\u00e4ngige Kosten<\/b> f\u00fcr die flieger\u00e4rztliche Untersuchung (Klasse 2), Lehrmaterial (B\u00fccher, Navigationsbesteck, &#8230;.), Luftfahrtkarten, Headset, Landegeb\u00fchren, Fernlehrgang Theorieausbildung, Pr\u00fcfungsgeb\u00fchren (Theorie, Funksprechausbildung BZF I+II, Praktische Pr\u00fcfung) <b>von ca. 1.700 \u20ac<\/b><\/p>\n","protected":false},"excerpt":{"rendered":"<p>Bei uns im Luftsportverein Velbert ist die Ausbildung PPL(A) mit ca. 6.400 \u20ac f\u00fcr das Echo-Klasse Flugzeug Robin DR 400 sehr g\u00fcnstig. Das gilt f\u00fcr die Mindeststundenanzahl von 45 Flugstunden. Hinzu kommen vereinsunabh\u00e4ngige Kosten f\u00fcr die flieger\u00e4rztliche Untersuchung (Klasse 2), Lehrmaterial (B\u00fccher, Navigationsbesteck, &#8230;.), Luftfahrtkarten, Headset, Landegeb\u00fchren, Fernlehrgang Theorieausbildung, Pr\u00fcfungsgeb\u00fchren (Theorie, Funksprechausbildung BZF I+II, Praktische&hellip; <br \/> <a class=\"read-more\" href=\"https:\/\/lsv-velbert.de\/?page_id=145\">Weiterlesen<\/a><\/p>\n","protected":false},"author":1,"featured_media":0,"parent":0,"menu_order":0,"comment_status":"closed","ping_status":"closed","template":"","meta":{"footnotes":""},"_links":{"self":[{"href":"https:\/\/lsv-velbert.de\/index.php?rest_route=\/wp\/v2\/pages\/145"}],"collection":[{"href":"https:\/\/lsv-velbert.de\/index.php?rest_route=\/wp\/v2\/pages"}],"about":[{"href":"https:\/\/lsv-velbert.de\/index.php?rest_route=\/wp\/v2\/types\/page"}],"author":[{"embeddable":true,"href":"https:\/\/lsv-velbert.de\/index.php?rest_route=\/wp\/v2\/users\/1"}],"replies":[{"embeddable":true,"href":"https:\/\/lsv-velbert.de\/index.php?rest_route=%2Fwp%2Fv2%2Fcomments&post=145"}],"version-history":[{"count":1,"href":"https:\/\/lsv-velbert.de\/index.php?rest_route=\/wp\/v2\/pages\/145\/revisions"}],"predecessor-version":[{"id":648,"href":"https:\/\/lsv-velbert.de\/index.php?rest_route=\/wp\/v2\/pages\/145\/revisions\/648"}],"wp:attachment":[{"href":"https:\/\/lsv-velbert.de\/index.php?rest_route=%2Fwp%2Fv2%2Fmedia&parent=145"}],"curies":[{"name":"wp","href":"https:\/\/api.w.org\/{rel}","templated":true}]}}